 + 100 + -16 + -17 + 5.
-87
Evaluate -19 - -18 - (16 - 4) - 8.
-21
What is the value of -29 + 53 + 11 + (-28 - -2)?
9
Calculate 9 + -9 + 3 + (15 - 39).
-21
(86 + -80 - (-4 + (0 - 1) + 6)) + -96
-91
Calculate -43 + (3 - -2 - (-71 - -95)).
-62
-10 + 6 + 20 + -23 + -43
-50
58 + -26 + -7 + 26 - 0
51
What is -49 + 22 + 39 + 14 + -10 + -1 + -31?
-16
Calculate -32 + (-32 - -76) - -21.
33
What is the value of -2 + (-2 - -2) + -1438 + 1446 - 30?
-24
Calculate -7 + (11 - -3 - 1) + (-115 - 5) + -8.
-122
What is 11 + 22 + (-11 + -27 - -42)?
37
(-3 + 24 - (79 - 74)) + -20
-4
Evaluate -4 + 4 + (-1 - -158) + (82 - 104).
135
What is the value of 12 - (-7 + (1 - -2) - (0 + (-17 - -22)))?
21
Calculate -22 + -10 + 5 + 20 + -34.
-41
What is 44 - (-74 + -34 - -94)?
58
Calculate -201 + (-45 - -40) - -148.
-58
(-1 - (-6 - -1) - (334 + -333)) + -6
-3
Evaluate (37 + -40 - (4 - -1)) + -6 + -58.
-72
What is 121 - (34 - (69 - 45)) - 24?
87
What is the value of -117 + 67 + 3 + -7 + -10 + 11?
-53
(89 - 390) + 108 - -121
-72
63 - ((20 - 0) + (17 - 26)) - -8
60
What is the value of 61 - 23 - (8 + -3)?
33
-8 - (-63 - (19 + 7))
81
Calculate 33 + -12 - (14 + -8 + -4).
19
What is (-7 - (-5 + 5 - 53)) + (1 + -2 - 2)?
43
What is -113 - -56 - -55 - 1?
-3
Evaluate 52 - (-6 - (0 - 2 - (-41 - -56))).
41
Calculate 3 - (0 - 12) - -4 - 33.
-14
What is the value of -85 + (11 - 7) + 20 - -19?
-42
Calculate (103 - (3 + 6 + -3 + 11 + -8)) + 13.
107
Calculate 106 + -218 + 29 + 77.
-6
-9 + 3 + 74 + -6 + (16 - 16)
62
Calculate -2350 + 2391 + (3 + -115 - 7).
-78
Evaluate (84 + 1 - (1115 - 1092)) + -14.
48
-48 - (-9 - (-22 + 24 + -46 + 45))
-38
Calculate (-2 - 1) + -7 + -6 + (-965 - -974).
-7
What is the value of (18 + -7 - -4) + (7 - -7) + -5?
24
What is the value of 52 + 18 + -199 + 97?
-32
Evaluate (-1 - (-3 + (0 - -5))) + -151 + 138.
-16
-14 + (36 + -33 - -31) + -160
-140
Evaluate 46 - -18 - (76 - 70).
58
What is -203 + 159 - -41 - (24 + 0)?
-27
-5 - (-9 + 18 + -10 + (-8 - 2))
6
Evaluate 89 + -60 - (5 + 0 - -40).
-16
Evaluate (10 - 12) + (-10 + -9 + 25 - 3) + -120.
-119
What is the value of 6 + 26 - (136 + -81 + -116)?
93
Calculate (-243 - -157 - -89) + (-1 - (-1 + 45)).
-42
Evaluate 16 + -5 + 28 - 32 - (2 - -54).
-49
What is -18 + (-45 - -13) - (-64 - -35)?
-21
Calculate -2 + -47 + -814 + 855.
-8
Calculate 905 + -921 - (-5 + -18 + -4 + 9).
2
Calculate 12 - ((-59 - -45) + 42 + 86).
-102
What is (3 - (4 - 2 - -2)) + (-24 + 5 - -25)?
5
(-890 - -837) + (3 - -11)
-39
Evaluate 0 + 13 + -1 - (344 - 331).
-1
8 - ((-20 - 10) + -81 + 68)
51
Calculate 45 - (-20 + 50 + -14 + 1 + -12).
40
What is -3 - -78 - (-187 - -246)?
16
Calculate (718 - 682 - (-3 + 84)) + 22.
-23
What is -104 - -31 - -115 - 74?
-32
What is (-14 - (3 + -27 + 10 - -21)) + -18?
-39
19 - 68 - -54 - -15
20
What is the value of 66 + (14 - 80) + -58?
-58
What is the value of -9 + -8 + 0 + 26 - 1 - 2 - 32?
-26
Evaluate 64 - 62 - (-4 + 20) - 22.
-36
Calculate -4086 - -4139 - (-2 - 10).
65
Calculate (-801 - -814) + 18 + 2 + -1 + -2.
30
Calculate -430 + 417 - (2 + -28 + (-23 - -18)).
18
What is (-6933 - -6926) + 1 + 0 + 14?
8
Evaluate (0 - 2) + 17 + -3 + -8.
4
-19 - -69 - (19 + -18 + 2)
47
(-31 - (33 - 34)) + -2 + -1 + -3 + 11
-25
Evaluate -2 + 8 + -11 + 27 + 6 + 9.
37
-44 + (-53 - -31) + 50
-16
What is -5 + 0 - (-5082 + 5060 - (0 - 50))?
-33
What is (1 - 8) + (75 + -15 - -7) - 3?
57
Calculate -9 - (105 - (-11 - -69)).
-56
Calculate (18 - 34) + 29 - (0 - -20) - 13.
-20
What is the value of (9 + (-9 - -1) - -5 - (-9 - -18)) + -70?
-73
Calculate -23 + 2 - (-149 + 40 + 49 + -75).
114
Evaluate 11 + (-2 - (-1 + 2)) + (41 - (5 + 125)).
-81
What is the value of 0 + -187 + 207 + -1 + -14 - (15 + -4)?
-6
Calculate -27 + (0 - (-97 + 76 - (2 - 17))).
-21
What is 39 + -15 + 7 + -122 - (1 + -4 - 5)?
-83
79 + -5 + -64 - (-1 + (-29 - (-1 + 3)))
42
Evaluate 2 + (-88 + 83 - (0 - 22)).
19
What is -3 + -5 + -5 + 9 + 17 + (797 - 772)?
38
Calculate (4 - 6) + -42 + (-10 - (-9 - 13)).
-32
Calculate 23 - -84 - (0 + -3 - (9 + -33)).
86
What is the value of (-32 - (-4 - 13)) + -45 + (-3 - -11)?
-52
Calculate 6 + -9 + (-8 + (-10 - -3) - (90 + 9)).
-117
Calculate 2 + -26 + 6 + 13 + 48 + 1.
44
What is the value of -3 + (-31 - 8) - (20 - -3 - 20)?
-45
Evaluate 38 - 1 - (-2 + 2 - (380 + -394)).
23
What is -92 + (21 - 2) + (-18 - (-52 - -71))?
-110
Calculate -76 - (105 + -34 + -54).
-93
What is 523 - 530 - (0 + -8) - -5?
6
Calculate 51 + (-14 - 7) + -3.
27
Calculate (-5 - -2) + (17 - (28 + 5)).
-19
Calculate -114 + (112 - 50 - 9).
-61
(-61 - -48) + 4 + (32 - (-6 - 2))
31
What is the value of -23 + (-4 + 7 - (-88 - -110))?
-42
Calculate 23 + (-5 - 26) + 46 + -17.
21
Evaluate -20 + 12 - (-4 + -3) - -13 - -6.
18
Calculate (47 - 24 - 26) + 32.
29
What is (-15 - (-22 - -5)) + (-6 - 2) - (-3 + -23)?
20
-27 - (-63 + 34 + 20 - 32)
14
-3337 + 3340 - (1 + -2)
4
What is the value of 19 + -32 + -13 - (10 + (4 - 0))?
-40
(-39 - (2 - (-1 - -1))) + -446 + -251 + 709
-29
Calculate -13 + -7 + (8 + 2 - (0 + 1)) + 6.
-5
(7197 - 7278) + (-2 - 0) + -42
-125
Calculate -423 + 496 + -134 + -3.
-64
Evaluate (-4 + -5 - -3) + (-932 - -939) - (1 - -58).
-58
(10 - -5) + -10 + 27
32
What is 30 + -44 + -44 + 126?
68
What is (1 + 4 - (-6 + 1 + 71 + -55)) + -33?
-39
71 - 73 - 52 - (-5 + 16)
-65
What is the value of (4 - (4 - 5)) + 12 + (-78 - -25)?
-36
What is the value of -27001 - -26938 - (6 + -1)?
-68
Calculate -16 + (-42 - -52 - -14).
8
Calculate (-5 - (-93 + 11)) + (-108 - -98).
67
Evaluate (-7 - (-118 + 1)) + -36 + (33 - 1).
106
Calculate -98 - (107 + (-366 - -83)).
78
Calculate -41 - (-51 + -96 - -57).
49
Calculate -36 + (4 - 17) + 14 + 13.
-22
29 - (6 + -10 + 7 + -13 + 0)
39
Calculate 13 - (-72 + 31) - 99.
-45
Evaluate (-16 - (11 + 5 + -26)) + (1 - -19) + -61.
-47
Evaluate (34 - -51 - 74) + (-49 - (1 - 2)).
-37
Evaluate 16176 + -16126 - (-1 + -13).
64
Calculate (-2 - 12 - 1) + 233 + -228.
-10
What is 119 + 89 + -146 + -65?
-3
What is the value of 14 + (-21 - -1 - (-545 - -516))?
23
What is 0 + 41 + -41 + -4?
-4
What is (-4 - (-3 + 4)) + (-44 - -185 - -10) + 7?
153
Calculate 87 + -1 + 4 + 13 + -5 + 31 + -33.
96
What is (-1 - (4 - 1)) + (231 - 133) + -20?
74
What is -16 + -103 + 96 - 36?
-59
Evaluate (0 - 6 - 1) + (-12 + (-2 - -6) - -16).
1
Calculate (-1 - 0) + -1 - (-4 + 9 - (498 - 498)).
-7
What is the value of 6 + (13 + -23 - 110) + -2 - -5?
-111
-250 + 379 - (6 + 33) - (-2 - 0)
92
What is 9 - 2 - (-13 + 6 + 63 + 8 - -23)?
-80
What is the value of -64 - -19 - -88 - (1 + 6 - -3)?
33
What is the value of 17 + 1 + (-4 - (0 - (-7 + 13)))?
20
Calculate -20 + -3 - (35 - (-45 + 70)).
-33
What is (-14 - -1) + 10 + -2 + 39 + -17 + 1?
18
27 + 5 + 2 + 11 + (-4 - 16)
25
Evaluate -71 - (-39 + 3 + 3 - -27).
-65
What is 42 - (22 + 14 + 3)?
3
What is (-4 - (-11 + -20 + 0 + 15)) + 33?
45
What is the value of 97 + 16 - (-78 + 167)?
24
What is the value of -6 - (23 - 13 - 48 - (-2 + -9)) - 11?
10
Evaluate -74 + (94 - 135) + 44.
-71
What is (-217 - -35 - -127) + 148?
93
Calculate (2 + 17 - -1) + 2 + 5 + -23 + 27.
31
-39 - (95 + -85 + (1 - 3) - (4 + -2))
-45
What is 0 - (16 + (8 - 23)) - -37?
36
What is (34 - 30) + -17 + 89 - (-2 + 14)?
64
What is (-35 + 0 - -41) + 31?
37
99 - 68 - (-2 - -41)
-8
What is -4 + (-34 + -1 + 16 - -10) + -16?
-29
26 + 14 + (-8 - -13 - 16)
29
3625 + -3652 + (-6 - (1 - 4))
-30
What is the value of -125 + 135 - (7 + 7 + -3)?
-1
What is (-11 - (-17 - 20 - -13)) + 6?
19
(320 - 200) + -153 - (3 - ((1 - 0) + 1))
-34
-29 - (1086 - 1071 - (-1 + -20))
-65
What is -37 - (-30 - (15 + -27))?
-19
Calculate 63 + -1 - ((-49 - (1 - 0)) + 42).
70
Calculate (-8 + -1 - (-4 + 19 + -55 + 21)) + -68.
-58
What is 18 + -5 + -10 + 21 + 24?
48
-2457 - -2411 - (-108 - -1)
61
Calculate -4 + (-49 - (23 - 33) - -99).
56
Evaluate (39 - 23 - (38 + 27)) + 30.
-19
What is the value of -47 - (6 + 16 + -101)?
32
(488 - 525) + 19 + -3 + 5
-16
Evaluate -61 - ((17 + -12 - 1) + 51 + -37).
-79
Evaluate -16 + (76 - 54) + 12.
18
21 + (9 + (16 - (-10 - -25)) - (2 + 11))
18
(-55 - -47) + (6 - (-1 + -11))
10
8 + (6 - (0 + -1 + 14 + -16 + 24))
-7
What is the value of 10 - (-74 + 6 - -9)?
69
Calculate 261 + -195 - (56 - 3).
13
Calculate (3 - (-17 + -27)) + -20 + -70.
-43
Evaluate (-13 - -4) + 23 + (0 + -2 - (-3 - -156)).
-141
-50 + (-